g) = 2*g**2 - 2*g - 51. Give y(14).
313
Let q(i) = -3*i**2 + 536*i + 725. Give q(180).
5
Let u(d) = 86*d + 297. Determine u(-6).
-219
Let j(p) = 61*p + 995. Calculate j(-17).
-42
Let n(y) = 3*y**2 + 112*y - 324. Give n(-40).
-4
Let q(n) = -1322*n - 1243. Calculate q(-1).
79
Let a(y) = -31*y - 2. Calculate a(3).
-95
Let k(i) = 6*i**3 + 14*i**2 - 2*i - 13. Give k(4).
587
Let d(k) = 995*k + 28890. Give d(-29).
35
Let a(s) = -s**3 + 6*s**2 + 121*s + 11. What is a(14)?
137
Let u(v) = v**3 + 12*v**2 - 18*v - 4. What is u(-14)?
-144
Let l(p) = p**2 + 53*p - 1183. Give l(-70).
7
Let x(h) = 3*h**2 + 58*h - 88. Give x(-20).
-48
Let s(r) = -r**3 + 6*r**2 + 66*r - 37. What is s(10)?
223
Let y(m) = 2*m**2 - 353*m + 3644. What is y(11)?
3
Let w(m) = -144*m - 169. Give w(-2).
119
Let h(z) = z**3 - 8*z**2 + 5*z + 40. Calculate h(5).
-10
Let r(q) = -649*q + 16191. Calculate r(25).
-34
Let x(w) = -w**3 - 10*w**2 - 621*w - 7739. Calculate x(-12).
1
Let h(o) = -3*o**3 + 32*o**2 + 3*o - 246. Calculate h(10).
-16
Let g(u) = 5*u**3 + 39*u**2 + 109*u - 8. Determine g(-5).
-203
Let z(y) = -254*y + 1383. Give z(4).
367
Let j(s) = -2*s**2 + 73*s + 498. Calculate j(42).
36
Let g(m) = m**3 - 36*m**2 - m - 63. Determine g(36).
-99
Let h(f) = f**2 - 98*f + 1225. Determine h(80).
-215
Let t(o) = 2*o**3 + 15*o**2 - 13*o + 20. What is t(-8)?
60
Let o(r) = r**3 - 17*r**2 + 29*r - 204. What is o(16)?
4
Let c(g) = -1831*g - 12817. Calculate c(-7).
0
Let h(d) = d**3 - 9*d**2 - 76*d + 88. Determine h(14).
4
Let k(c) = -c**3 - 2*c**2 + 19*c - 4. Give k(-6).
26
Let a(p) = -10*p + 702. What is a(69)?
12
Let g(m) = -13*m**2 - 284*m - 33. Calculate g(-22).
-77
Let h(m) = -4*m + 145. Calculate h(20).
65
Let l(t) = 105*t + 240. Calculate l(0).
240
Let o(f) = 43*f + 10. Give o(-1).
-33
Let y(n) = -n**3 - 9*n**2 + 67*n + 574. What is y(-10)?
4
Let b(t) = 2*t**2 + 36*t - 1995. Calculate b(24).
21
Let o(z) = 14*z + 229. Determine o(-20).
-51
Let z(f) = 16*f**2 + 199*f - 123. Give z(-13).
-6
Let i(m) = -m**2 - 17*m - 63. What is i(-19)?
-101
Let r(n) = 2*n**3 - 4*n**2 - 15*n + 27. Give r(6).
225
Let u(v) = -66*v - 8. Calculate u(0).
-8
Let g(d) = -d**3 - 168*d**2 - 4*d - 594. Give g(-168).
78
Let l(b) = -276*b - 3038. Calculate l(-11).
-2
Let c(o) = 6*o - 35. Calculate c(-5).
-65
Let c(x) = -37*x - 42. Determine c(18).
-708
Let x(i) = -i**3 - 6*i**2 + 21*i - 3. Determine x(-9).
51
Let a(t) = 155*t - 4120. What is a(26)?
-90
Let r(o) = 108*o - 44. Determine r(-3).
-368
Let s(z) = z**3 - 15*z**2 + 30*z - 5. What is s(2)?
3
Let o(d) = d**3 + 3*d**2 + 40*d + 240. Calculate o(-5).
-10
Let q(w) = -130*w + 494. What is q(4)?
-26
Let o(z) = -3*z**2 - 295*z - 45. What is o(-98)?
53
Let y(c) = -c**3 + 22*c**2 + 78*c - 55. Calculate y(25).
20
Let o(m) = 8*m**2 - 19*m + 17. What is o(2)?
11
Let u(y) = 151*y + 2. What is u(1)?
153
Let a(r) = 696*r + 34087. Give a(-49).
-17
Let v(h) = 8*h + 34. What is v(-8)?
-30
Let z(j) = j**2 - 72*j + 1300. Determine z(35).
5
Let o(i) = 10*i**2 - 138*i + 139. What is o(1)?
11
Let w(r) = -r**3 + 59*r**2 + 126*r - 252. What is w(61)?
-8
Let a(u) = 89*u + 1117. Calculate a(-11).
138
Let p(r) = r**3 - 28*r**2 + 146*r + 57. What is p(15)?
-678
Let t(b) = -b**2 + 518*b - 65939. What is t(225)?
-14
Let l(i) = i**3 - 52*i**2 + 449*i + 85. Calculate l(41).
3
Let w(q) = -107*q + 1713. Give w(10).
643
Let q(y) = -y**2 - 24*y - 57. Determine q(-19).
38
Let d(a) = -4608*a + 23130. Calculate d(5).
90
Let r(h) = 810*h + 42928. Give r(-53).
-2
Let t(f) = f**3 + 13*f**2 + 19*f + 6. Determine t(-11).
39
Let v(f) = -7*f**2 + 936*f + 2816. Determine v(-3).
-55
Let p(i) = i**3 + 31*i**2 - 181*i - 67. What is p(-36)?
-31
Let p(i) = -i**3 - 14*i**2 - 7*i - 39. Determine p(-11).
-325
Let c(f) = f**3 - 4*f**2 - 25*f - 21. Give c(7).
-49
Let d(m) = -m**2 + 88*m + 1692. Calculate d(-16).
28
Let s(q) = -234*q**2 + 5845*q + 118. What is s(25)?
-7
Let t(q) = -244*q + 90. Give t(2).
-398
Let i(s) = s**3 - 10*s**2 - 498*s + 103. What is i(-18)?
-5
Let u(g) = -5*g**2 - 179*g + 420. Give u(-38).
2
Let q(f) = -f**2 + 526*f - 11565. What is q(23)?
4
Let t(p) = -11*p - 208. Give t(-18).
-10
Let y(n) = n**3 + 23*n**2 - 162*n - 397. Determine y(-28).
219
Let j(z) = -31*z**2 - 33*z - 59. Calculate j(0).
-59
Let i(m) = -12*m**2 + 4*m + 4. What is i(-2)?
-52
Let f(h) = h**3 + 13*h**2 - h + 38. Determine f(-7).
339
Let g(s) = 39*s + 2213. Calculate g(-56).
29
Let a(d) = -458*d**3 + 6*d**2 - 2*d - 7. Calculate a(-1).
459
Let l(s) = -s**3 + 13*s**2 - 37*s - 4. What is l(6)?
26
Let s(c) = c**2 - 25*c - 5. Determine s(0).
-5
Let n(m) = 837*m - 13395. Determine n(16).
-3
Let d(k) = -5*k**2 - 51*k + 40. Calculate d(-11).
-4
Let b(p) = -36*p - 2140. What is b(-63)?
128
Let u(j) = 4*j**3 + 20*j**2 - 20*j + 28. Determine u(-6).
4
Let k(g) = -171*g + 644. What is k(4)?
-40
Let p(h) = -h**2 + 199*h - 389. Determine p(2).
5
Let j(t) = 7*t**3 - 4*t**2 - 11*t + 2. Calculate j(-2).
-48
Let w(t) = -22*t**3 - 5*t**2 - 5*t + 17. Calculate w(2).
-189
Let h(c) = 23*c - 466. Determine h(20).
-6
Let c(w) = -208*w + 185. Give c(2).
-231
Let v(q) = q**2 - 960*q + 33263. Determine v(36).
-1
Let h(s) = -33*s + 180. What is h(5)?
15
Let n(l) = -l**2 - 52*l - 523. Determine n(-14).
9
Let c(i) = -i**3 + 69*i + 211. What is c(-5)?
-9
Let d(y) = y**3 - 12*y**2 + 4*y + 78. What is d(11)?
1
Let y(s) = -s**2 - 21*s + 206. Give y(-32).
-146
Let m(x) = 3*x**3 + 5*x - 233. Give m(0).
-233
Let f(k) = -2*k**2 + 134*k - 2114. Give f(28).
70
Let s(g) = -g**3 + 24*g**2 - 63*g - 307. Determine s(20).
33
Let g(w) = -w**3 - 12*w**2 - 28*w - 66. Determine g(-10).
14
Let l(o) = o**3 + 6*o**2 + 17*o + 93. What is l(-6)?
-9
Let w(k) = 2*k**3 + 21*k**2 - 41*k - 4. Give w(-12).
56
Let d(h) = 15*h**2 - 2*h - 28. Determine d(-2).
36
Let p(t) = -170*t + 342. Give p(2).
2
Let q(x) = -180*x**2 + 382*x - 47. Give q(2).
-3
Let a(y) = y**2 - 2797*y. Give a(0).
0
Let o(c) = 16*c + 105. Calculate o(-10).
-55
Let t(o) = -o**3 - 44*o**2 - 189*o - 8428. Determine t(-44).
-112
Let r(p) = -p**2 - 16*p - 35. Calculate r(-9).
28
Let y(u) = -u**3 + 3*u**2 + 23*u - 14. Determine y(6).
16
Let n(l) = l**3 + 16*l**2 - 83*l - 41. What is n(-20)?
19
Let i(c) = 28*c**2 + 73*c - 5. Determine i(-2).
-39
Let a(b) = -2*b**3 - 21*b**2 + 49*b + 240. Give a(-11).
-178
Let r(c) = 28*c - 1445. Give r(51).
-17
Let b(q) = 12*q - 556. Determine b(50).
44
Let f(k) = -198*k + 1563. Determine f(8).
-21
Let o(r) = -169*r - 2030. Determine o(-12).
-2
Let k(m) = 258*m - 3360. Determine k(13).
-6
Let v(g) = -2*g**3 + 148*g**2 - 4*g + 282. Determine v(74).
-14
Let f(y) = 977*y + 10748. Give f(-11).
1
Let m(k) = k**3 - 4*k**2 + 13*k - 6. What is m(3)?
24
Let n(t) = 6*t**2 - 76*t - 21. Calculate n(13).
5
Let r(t) = -2*t**2 + 32*t - 91. Give r(12).
5
Let g(r) = r**2 - 26*r - 28. Give g(21).
-133
Let b(d) = 4*d**2 - 38*d - 25. Determine b(10).
-5
Let c(x) = -305*x + 906. Determine c(3).
-9
Let b(d) = -16*d**2 - 71*d + 52. Calculate b(-6).
-98
Let k(m) = -250*m + 2704. Calculate k(11).
-46
Let z(v) = v**3 + 15*v**2 + 38*v + 29. Give z(-11).
95
Let i(k) = -6*k**2 - 349*k - 20. Give i(-58).
38
Let y(g) = -27*g**2 + 199*g - 43. Determine y(7).
27
Let y(o) = -o**3 + 21*o**2 + 23*o + 20. Calculate y(22).
42
Let l(g) = -2*g**3 + 4*g**2 - 9*g - 8. Determine l(5).
-203
Let q(t) = 15*t**2 - 589*t - 61. Calculate q(39).
-217
Let z(b) = 3*b**3 - b**2 - 9*b + 3. Give z(4).
143
Let l(n) = n**3 - 102*n**2 + 83*n + 1842. What is l(101)?
24
Let b(k) = -58*k - 3241. Determine b(-56).
7
Let o(w) = -w**3 + 22*w**2 - 3*w - 11. Determine o(1).
7
Let b(w) = 2*w**3 + 3*w**2 + 5*w - 28. Determine b(-5).
-228
Let y(f) = -20*f - 1261. What is y(-63)?
-1
Let z(r) = r**3 + 91*r**2 + 951*r + 232. Calculate z(-79).
-5
Let k(w) = 2*w**3 + 2*w**2 - 2*w - 2. Calculate k(0).
-2
Let t(p) = 155*p - 3562. Determine t(23).
3
Let m(q) = q**3 + 16*q**2 + 27*q + 13. Give m(-13).
169
Let w(k) = 2064*k + 134146. What is w(-65)?
-14
Let p(h) = 8994*h - 53947. Determine p(6).
17
Let l(o) = o**2 + 105*o + 2379. Calculate l(-72).
3
Let l(g) = 71*g + 567. What is l(-8)?
-1
Let o(a) = -4339*a - 73770. Give o(-17).
-7
Let m(t) = -14*t**2 + t + 7. What is m(-3)?
-122
Let y(b) = 10*b**2 - 1050*b - 1090. Determine y(106).
-30
Let w(g) = -10*g**3 + 192*g**2 - 